29 + 9 - (2 - (-17 + 13)).
-26
What is the value of -2 - (64 + (-38 - 1))?
-27
Calculate (30 - 30) + -24 - 1.
-25
(17 - (11 - -7) - 1) + -7 + 2
-7
What is the value of -11 - (2 + (10 - 0) - 17)?
-6
Calculate 1 + -15 + -57 + 56.
-15
Calculate (0 - (3 + -4)) + (6 - -5) + -12.
0
Evaluate -3 - (3 - 4) - ((11 - 4) + 3).
-12
Evaluate 11 - (-9 - 6) - (9 + -1).
18
What is (2 - (-2 + (0 - -6))) + 3 - 13?
-12
What is the value of 2 + (0 - (-9 + 6) - 5 - 3)?
-3
What is 0 + -1 - -2 - (15 + -13)?
-1
What is 39 - (20 + -11 + -19 + 2) - 7?
40
What is the value of 2 + 23 + -6 + -9 + -18?
-8
What is the value of (11 - (7 + (0 - -7) + -5)) + 9?
11
11 - 25 - (-7 + -16 + 29)
-20
What is the value of -13 + (-22 - -20) - -3?
-12
What is (-1 - -12) + -4 + (2 - 2)?
7
Calculate -1 + 13 - (-91 + 102).
1
Evaluate (-9 - -17) + 20 + -4.
24
Evaluate -22 - (6 + 8 + -2 + -2).
-32
16 + -26 - (-30 - -30)
-10
Calculate 110 + -57 + -71 + (1 - 2).
-19
Calculate -10 + (-4 - (3 - (6 + -6) - 3)).
-14
What is -25 - (-3 + (10 - -4) + (-3 - 16))?
-17
Calculate -10 - (18 + -24 - -16 - 16).
-4
Evaluate (0 - (-8 + 4)) + -5 - 11.
-12
(0 - -12) + 16 + 44 + -80
-8
Evaluate (-12 - -31 - 6) + -7.
6
67 - (-38 - -71) - 48
-14
What is the value of (-10 - -4) + (-19 - -36)?
11
What is 14 + 4 + (-4 - 7)?
7
What is 8 - (-11 + 33) - -14?
0
What is (-1 - -5) + (-21 - -9 - 4)?
-12
(-34 - -98 - 60) + (-3 - 1)
0
(-4 - -14 - 3) + 2 + -1 + -10
-2
What is the value of -264 + 281 - (0 - -40 - -1)?
-24
What is the value of 20 + (-5 - 0) + 0 + (6 - 11)?
10
Calculate -2 - ((-5 - -5) + 0 + -6 + 0).
4
15 + -25 + -9 + 21 + 6
8
What is the value of (17 - (14 - 3)) + -1 + -2?
3
What is the value of -70 - -63 - (-10 - 5)?
8
What is -7 + (4 - 12) + -8 + -12 + 3?
-32
What is the value of -17 + 15 + 3 - (-1 + 2 + -7)?
7
What is the value of (8 + (-19 - -5) - (2 - 1)) + 19?
12
(-25 - -21) + (8 - -1)
5
What is the value of 5 - 2 - (-120 + 116)?
7
What is (-3 - -7) + (8 + -20 - (2 + -4))?
-6
7 - (8 + -6 + 3 + 5 - 2)
-1
Evaluate 1 + 12 - (21 - (-1 - -19)).
10
Evaluate -41 + 80 - 17 - 52.
-30
Calculate (4 - 1) + -28 + 17.
-8
Calculate (4 - -48 - 26) + -39.
-13
What is (-5 + -9 - -23) + (-3 - -3)?
9
What is the value of (-17 - (-55 - -42)) + -3 + -1 + -3?
-11
Evaluate -17 - (34 - 30 - 30).
9
Evaluate 0 + (76 + -94 - (1 - 16)).
-3
Calculate 3 + 11 + 9 + -1 + 0.
22
What is the value of -9 - (-5 + 7 + -22 - 2)?
13
-14 + 11 + -4 + -1 + 14 + -5
1
Evaluate 19 + 11 + -4 + -19.
7
Evaluate (23 - (-7 - (-1 + -14))) + -1.
14
What is the value of 8 + (12 - (6 + 2)) - 14?
-2
10 - (-8 + (13 - 0 - (-1 - 4)))
0
What is (-1154 - -1119) + 20 + 1?
-14
-3 + -9 + 20 + -9 + 26
25
What is the value of ((45 - 50) + -1 + -1 - 1) + 2?
-6
Calculate (-7 - -9) + (-1 - -1) + -26 + 31.
7
What is the value of 6 - -1 - (-4 - (-3 - 2))?
6
What is 5 + (-18 - (16 + (-3 - 51)))?
25
What is the value of -8 - (9 + 1 + (-14 - -1) + 11)?
-16
Calculate (48 - 81) + -2 + 20.
-15
Evaluate (-12 - (-2 + -8)) + -10 - -7.
-5
What is the value of 3 + (20 - 43) + -1 + 2?
-19
Calculate -5 - (10 - 5) - (-2 + 0).
-8
What is 0 - -9 - (19 + -9)?
-1
4 + 0 + (6 - -5)
15
-17 + 3 + 0 - (164 + -161)
-17
What is (-114 - -81) + (51 - 14)?
4
What is the value of -1 + (-22 - -23 - (-11 + 2) - -2)?
11
30 + (37 - 38) + -23
6
-12 - (-7 - -8) - -16 - (0 - 1)
4
-4 + -1 + -35 + (-16 - -54)
-2
Calculate -5 + (-8 + 17 - -11 - -12).
27
What is 15 + -6 + -1 + (0 - 0) + -14?
-6
(1 - (12 - 2)) + -386 + 404
9
Evaluate (0 - -6) + -9 + 26 + 0 + -12.
11
Calculate -600 - -607 - (-1 + 1).
7
Calculate -21 + 28 + -14 + (2 - 6) + -1.
-12
What is the value of 1 - (-24 + 38) - -5?
-8
What is 4 - (-6 + (1 - -4) - (0 - -1))?
6
What is 18 - (-11 + (69 - 26))?
-14
What is 121 + -123 - ((-1 - (0 - 2)) + -9)?
6
Evaluate 36 + -11 + -14 - (-1 - -2).
10
Evaluate 62 - 85 - ((1 - 0) + (-6 - 1)).
-17
What is -1 - 4 - (28 + -18 + 3)?
-18
What is -10 + (24 - 10) - -2?
6
Evaluate -1 + -18 + (-12 - (0 - 13)).
-18
What is (15 - (29 - 22)) + -10?
-2
Calculate 7 - (5 + 9 + -14).
7
Calculate (4 - 6) + -18 + 24 - (1 - 3).
6
Evaluate 35 - 3 - 17 - 1.
14
What is (-1 - (-3 + 6)) + -6 + 7 + 1?
-2
What is the value of 5 - 10 - (36 - 26)?
-15
What is the value of (-30 - -17) + -17 - -7?
-23
What is the value of -302 + 300 - ((3 - 4) + 13)?
-14
What is the value of -13 + 2 + 7 + -8 + 0?
-12
What is (3 - ((-2 - -7) + 3)) + -11?
-16
What is (3 - -5 - 10) + -6 + -2?
-10
Calculate -4 - (-5 + 12 + -11 - (-4 - 2)).
-6
What is (-7 - (-3 - -4)) + -24 + (36 - 19)?
-15
What is (-2 + 3 - (-47 + 49)) + -5?
-6
What is 1 + (-2 - 4) - (-16 + 1 + 20)?
-10
4 + (2 - 9) + 3 + 7
7
Calculate 1 + -2 - 8 - (-19 + 3).
7
What is the value of -2 + -6 + (4 - 3) + 17?
10
What is -14 - (5 + -11 + -10 + 17)?
-15
Calculate (-6 + 20 - -7) + (0 - (8 + -3)).
16
What is -360 - -340 - (0 + -3)?
-17
What is the value of (23 - 1) + (-2 - (-12 + -3 + 12))?
23
Evaluate 29 + -5 + -12 - 35.
-23
Calculate -2 + -8 + 14 + 1.
5
What is the value of -29 - (-23 + -50 + 44)?
0
Evaluate -20 + 6 - (-47 + 26).
7
Calculate -1 - -13 - (-241 - -257).
-4
-250 + 284 + (-3 - -2 - 4)
29
1 + -10 - (2659 - 2670)
2
Calculate -4 + (-1 - (12 + -7) - -12).
2
What is the value of -1 + -12 + 3 - (3 + 1)?
-14
Evaluate 10 + -6 + -13 + 14 + 9.
14
What is (17 - 0) + -4 + 1?
14
Evaluate -5 + 1 + -5 + -158 + 148.
-19
(-23 + 4 - -20) + -1 + -10
-10
-22 - (-48 + -16 + 25)
17
What is (-1 - (1 - 1)) + -3 + (-12 - 2)?
-18
Calculate -7 - (63 + -52 + (-35 - 4)).
21
Evaluate -18 - (-5 - 15) - 13.
-11
Calculate 1 - -31 - (1 - -17).
14
What is -16 - (2 + (-7 - -2) + 10)?
-23
What is the value of -7 + 21 + -14 - 5?
-5
5 + -17 - (12 - (23 - 23))
-24
Calculate (-9 + 5 - (20 + -27)) + (-2 - 0).
1
Calculate -7 + -24 + 1 + 12.
-18
-4 + -12 + 4 + (15 - 4)
-1
What is (-12 - 0) + (0 - -7) + -2 + 7?
0
4 + -16 - (-3 - 0 - (3 - 1))
-7
Calculate 24 + (-3 - -2) + -8 - (-1 - -2).
14
What is the value of 13 - 1 - (-2 + (3 - -2))?
9
What is 7 + (114 + -109 - (1 + -3))?
14
Evaluate -8 - ((-27 - -13) + 22) - 7.
-23
What is the value of (-1 - 0 - -2) + -36?
-35
Evaluate 0 + -9 + (-2 - -9).
-2
Evaluate 11 + -17 + 7 + -1.
0
Calculate -14 + (-3 - -10) - -6 - (-1 + -5).
5
Calculate 34 + 5 + -20 + 14 + 1.
34
What is 57 + -42 - (5 + 0)?
10
8 - 3 - ((9 - 5) + 4) - -5
2
Evaluate (54 - 49) + (-2 - ((-1 - 3) + -2)).
9
4 + (21 - 22) + 15
18
Calculate 1 + (27 - 11 - 13).
4
1 - -5 - (63 + -31 + 28 + -19)
-35
What is the value of (-15 + -1 - (66 - 77)) + -25?
-30
Calculate 4 + 4 + (-2 - (2 + -2)) + -18.
-12
What is -10 - (12 + -25 - -6)?
-3
What is the value of (-16 - (25 + -20)) + 41?
20
(10 - (-6 - -14)) + 6
8
What is the value of -12 + 0 + 7 + (3 - 9) + 2?
-9
Calculate 3 + 12 + (-6 - 2) + (2 - 0).
9
Evaluate (-26 + -8 - -25) + -14.
-23
Evaluate (1 - 4 - (-6 - -5)) + -6 + 2.
-6
Calculate 5 - -2 - (-11 + (21 - 15)).
12
What is (-6 + 6 + -9 - -6) + 6?
3
12 - (36 + -23) - -16
15
Evaluate 5 + 3 + (51 - 31 - (9 - 2)).
21
6 + 13 + (12 - 20) + -3
8
What is the value of 16 + -32 + (38 - -1)?
23
Evaluate (61 - 35) + -27 + (-4 - 1) + -3.
-9
(-9 - -10 - (0 + (-5 - -9))) + -6
-9
What is the value of 0 - 33 - -27 - (-2 - (2 + -8))?
-10
What is the value of -23 + -6 + -13 + 12?
-30
Calculate -18 + (36 - (-14 - -25)) - (30 + 0).
-23
What is (15 - 4 - 5) + -9?
-3
-4 + (4 - -22) - 39
-17
What is 18 + -5 + 27 + -34?
6
(19 - 2 - 21) + 12
8
-25 - -67 - (34 + -6)
14
Calculate -3 + 12 + -2 - (-3 + -13 + 26).
-3
What is the value of (10 - 25) + (-7 - (-1 + -16))?
-5
What is (-35 - -47) + 2 - 12?
2
(8 - -1 - 1) + (2734 - 2755)
-13
Evaluate 1 - -14 - (-2 + -3 + 9).
11
What is the value of 7 + (8 - 11) + 8 + -7?
5
-1 + 17 - (15 - (9 + -5))
5
What is 38 + -1 + (-11 - -3) + -2?
27
Evaluate 5 - ((66 - 51) + (-1 - -1) + 2).
-12
8 + (2 - (3 - 0)) + (721 - 751)
-23
Calculate -1 - 2 - (-22 + 26).
-7
Evaluate -1 + -5 - -1 - (45 - 44).
-6
What is 5 + -20 + (13 - 2)?
-4
What is the value of -3 - (-8 + -5 + 5) - (-13 + 9)?
9
-19 + 8 + 16 + -20
-15
What is the value of -26 + (-27 + -2 - -91)?
36
Calculate 42 + -14 - (15 + (3 - 8)).
18
What is -8 + -2 - (-115 + 78)?
27
What is the value of 2 + 6 - (15 + 8 + -18)?
3
12 + -2 - (-1 - -24)
-13
What is (-25 - (-3 + (-10 + 2 - 1))) + -9?
-22
Evaluate (-13 + -1 - -8) + (-1 - -2).
-5
What is -25 + (-100 - -107) + 0 + -10?
-28
Evaluate -9 + 31 